10*v - 3962, 4*v + 3*n = 3963. What is the hundreds digit of v?
9
Suppose -m + 6*m - 5*w - 25 = 0, 10 = 2*m - 3*w. Suppose -b = 3*x - 713, m*b = -5*x + 978 + 197. What is the hundreds digit of x?
2
Let x be 14/(-4)*12/(-21). Suppose -6 = -4*w - 0*v + x*v, -4*v = -2*w - 6. Suppose -w*q - 9 = 0, -f = -6*f + q + 508. What is the units digit of f?
1
Let g(w) = 111*w - 69. Let d be g(5). Let c = 749 - d. What is the units digit of c?
3
Let b(v) = 2*v**3 + 14*v**2 + 6*v - 16. Let a be b(-8). What is the units digit of a/(-2)*(0 + (-66)/(-9))?
4
Let b be 8259 - (0 + 6/(-2) - -5). Suppose 20*h - 9463 = b. What is the hundreds digit of h?
8
Let h = -2399 - -4510. Suppose f = -5*w + h, 5*w + 3*f - 972 = 1131. What is the units digit of w?
3
Let g = -2456 - -4158. Let y = g + -726. What is the units digit of y?
6
Suppose 0 = 5*x - 8 + 48. Let j = x + -4. What is the units digit of (-10)/((9/j)/(165/10))?
0
Suppose -22 - 2 = -8*z. Suppose z*f = -26 + 173. What is the tens digit of f?
4
Let w(k) = -27*k - 34*k + 89*k - 30*k. Let n be w(-9). Suppose n*v - 17*v = 148. What is the tens digit of v?
4
Suppose -8668 - 22090 = -13*h. Suppose -6*s = s - h. What is the units digit of s?
8
Let l be 1/4 + 94/8. Suppose 3*v = -2*u - l + 3, -u = -v + 2. What is the tens digit of v/(-3) - 1/((-9)/366)?
4
Let h(n) = n**3 + 7*n**2 - n - 4. Let u be h(-7). Suppose k + u*o = -k + 1687, 0 = 5*k - o - 4209. What is the tens digit of k?
4
Let a be (-292 - 2)/(-15 + 17). Let v = 149 - a. What is the hundreds digit of v?
2
Let q be ((-17)/3 - -6)/((-1)/2859). Let y = -612 - q. What is the hundreds digit of y?
3
Let i be (-1)/((-7)/30) + 4/(-14). Let k be -2 + 6*i/12. Suppose m - 154 = -p + 5*m, k = 5*p - 2*m - 734. What is the hundreds digit of p?
1
Let p be (-1 - -2)*8/2. Suppose p*b = 3*b + 41. Suppose -5*n + 3*u + 132 = 0, 2*u = 5*n - b - 87. What is the tens digit of n?
2
What is the hundreds digit of (-94)/141 - 20699/(-3)?
8
Let r be (4/12)/(6/(-9))*0. Suppose -5*j + 24 - 4 = r. Suppose j*n - 288 = -y + 6*y, 3*n = -3*y + 243. What is the units digit of n?
7
Let a be (-1280)/(-400) - (-2)/(-10). What is the tens digit of -1084*(2 + a/(-2))*-2?
8
Suppose 3*z = -4*r + 4*z + 29, 4*z - 10 = -5*r. Suppose 0 = 12*u - r*u - 30. Let o = u + -3. What is the units digit of o?
2
Let i = 1385 + -5569. What is the hundreds digit of (2/4)/(((-44)/i)/11)?
5
Suppose -9*l + 5*l - 3*n + 112047 = 0, 5*l - 5*n = 140085. Suppose -13*m + l = 16*m. What is the hundreds digit of m?
9
Let m(g) = 15*g**2 + g - 3. Let p be 5 - 768/(-7) - (-6)/21. Let f = -118 + p. What is the hundreds digit of m(f)?
1
Let u = 723 + -1225. What is the units digit of (u/(-4))/((144/(-9))/(-32))?
1
Suppose -3*z + 73000 = 12*z - 28880. What is the tens digit of z?
9
Let g = 12872 - 6254. What is the tens digit of g?
1
Let s(c) = -c**2 - 11*c + 17. Suppose 2*j = b - 21 - 2, -3*b + 9 = -j. Let h be s(j). Let i(w) = w**3 - w**2 - 2*w + 4. What is the tens digit of i(h)?
9
Let b = 66 + -35. Let f(j) = 0*j - 8*j + 6*j + b. What is the tens digit of f(10)?
1
Let r = -8808 - -31212. What is the tens digit of r?
0
Let f be 56/(-14) + -4 + 20. What is the units digit of (-1888)/(-48) - (-8)/f?
0
Suppose r - 20033 = -7*k + 4*k, 13338 = 2*k + 5*r. What is the tens digit of k?
7
Suppose -t = 2*z - 2 - 5, -t = -z + 8. Suppose 2*m + l = -0*m + 50, 7 = m + z*l. Let u = -3 + m. What is the tens digit of u?
2
Suppose 0 = -11*v - 52 + 74. Suppose -5660 = -5*i + 5*h, v*h = 7*i - 3*i - 4534. What is the thousands digit of i?
1
Let c = 391 + -399. Let x(z) = 3*z**2 - 6*z + 31. What is the units digit of x(c)?
1
What is the thousands digit of ((-3590)/15)/((-3)/54)?
4
Let a = 118 + 967. Suppose a = 3*w - 40. What is the units digit of w?
5
Suppose -6*z + 30 - 42 = 0. What is the hundreds digit of (z*5)/((-23)/598)?
2
Let u(b) = 2*b**3 + 18*b**2 + 16*b + 8. Let i be u(-8). What is the hundreds digit of i/(-16) + 1/(8/1564)?
1
Let s = -3948 + 5546. What is the units digit of s?
8
Suppose 86*u = -79*u + 4511595. What is the units digit of u?
3
Let r(l) = 11867*l**2 - 147*l + 145. What is the hundreds digit of r(1)?
8
Let r be (-2)/(4/2) - 856/(-107). Suppose -8*n = -2*i - r*n + 2992, n = i - 1498. What is the hundreds digit of i?
4
Suppose -4*p + 5288 + 21470 = -5*s, 6702 = p + 5*s. Suppose 9*y = -5*y + p. What is the hundreds digit of y?
4
Let l be (-2)/10 - 2*78/(-30). Suppose -6 - 2 = 2*v, -l*n + 16 = -4*v. Suppose -2*q = -3*z + 358, n*q + q + 474 = 4*z. What is the hundreds digit of z?
1
Suppose 3*m + 114699 = 5*c, -4*m + 3*m - 91769 = -4*c. What is the units digit of c?
4
Let q(t) = -6*t + 65. Let o be q(7). Let w = o + 145. What is the tens digit of w?
6
Suppose 7*u - 20 = 1. Suppose -347 = 2*a - u*a. What is the tens digit of a?
4
Let h = -94 + 153. Suppose -2*w + 4*w = k - h, -4*k = -3*w - 236. Let v = k - 5. What is the tens digit of v?
5
Suppose 29*j + 14*j = 215. Suppose 2*m - 2*k + 0*k = 4, 4*k + 12 = 5*m. Suppose j*t - 2*u - 281 = 0, 0 = -t + u + m*u + 70. What is the tens digit of t?
5
Suppose -2*l - 4*d + 30 = 0, -4*l - 44 = -3*d - 137. Suppose 1786 - 7792 = -l*j. What is the hundreds digit of j?
2
Suppose -5*s + 10 = 4*w, 0*s - 10 = -2*w - 5*s. Let i = 2 + w. What is the units digit of 1/(297/147 - i)?
9
Let p(k) be the second derivative of k**4/8 - 20*k**3/3 + 10*k**2 - 4*k. Let t(v) be the first derivative of p(v). What is the units digit of t(15)?
5
Suppose 1322 = 8*s - 8878. What is the hundreds digit of (196/(-35))/(5090/s - 4)?
7
What is the ten thousands digit of 17037/36*1100/33?
1
Suppose -11012 - 16258 = -30*l. Suppose -904*w = -l*w + 6440. What is the tens digit of w?
8
Let x(p) = 36*p + 26. Suppose c = -6*t + 4*t + 15, 31 = 2*c + 5*t. What is the tens digit of x(c)?
9
Suppose 23*b + 25445 = 5389. Let d = -64 - b. What is the units digit of d?
8
Suppose -74088 = -3*c - 5*m, c - 18720 - 5989 = -6*m. What is the tens digit of c?
9
Let q be (172/(-3))/(-3 - 55/(-15)). What is the units digit of q/387 - (-8759)/9?
3
Let s(t) = 14*t + 114. Let o be s(-8). Suppose -o*l - 3278 = -4*w, -18*l + 1654 = 2*w - 14*l. What is the hundreds digit of w?
8
What is the hundreds digit of (21/3)/(72/66888)?
5
Let s = -1957 + 3851. What is the units digit of s?
4
Let l be (-6)/(-3) - -4*2. Suppose l*n - 8*n - 14 = 0. Suppose 4*d - n*d = -270. What is the units digit of d?
0
Suppose 3*m + 361*x = 365*x + 8537, 5*x = 4*m - 11382. What is the units digit of m?
3
What is the hundreds digit of ((-399)/(-399))/(2/30006)?
0
Let r = -86 + 88. Let c(o) = o**3 + 7*o**2 - 4*o + 8. Let s be c(-6). Suppose -s = -r*g + 54. What is the units digit of g?
1
Let t be (-1 + 0)*(68 - -1). Let q(i) = -4*i**2 + 64*i + 31. Let l be q(13). Let o = l + t. What is the hundreds digit of o?
1
Suppose 341*o - 403*o = -1449374. What is the tens digit of o?
7
Let h(p) = -p**2 - 3*p - 12. Let t be h(-4). Let l(c) = -9*c - 31. Let w be l(t). Let a = w + 3. What is the units digit of a?
6
Suppose 294689 = -158*g + 1832687 + 1321328. What is the units digit of g?
7
Let l be 3 + (-3 + -111)/3. What is the units digit of (4/14)/((10/l)/(-1))?
1
Suppose 7*f - 11*f - 5*t + 93581 = 0, -3*f + 70203 = -2*t. What is the tens digit of f?
9
Suppose 5*o + 3870 = 6*o. What is the hundreds digit of (-1)/(2*(-5)/o)?
3
Let o = 141 + -821. Let g(l) = -9*l**2 + 3. Let v be g(-7). Let s = v - o. What is the tens digit of s?
4
Suppose -73*g + 31*g = -74*g + 1099232. What is the units digit of g?
1
Let m(s) = 11*s - 16. Let d be m(2). Let c be d/16 - (-14312)/64. Suppose 5*n - 4*n = c. What is the hundreds digit of n?
2
Let d be (-2)/45*5 + 382/18. Suppose 2*x - 3*x = d. What is the units digit of (-2)/(-6) + (-224)/x?
1
Let u(j) be the first derivative of 49*j**2/2 - 55*j - 147. What is the hundreds digit of u(15)?
6
Suppose 0 = -r + 5*h + 873, 0 = 3*r - 0*r + 4*h - 2524. Let t = r - -374. What is the thousands digit of t?
1
Let h(m) be the second derivative of -m**5/20 - 2*m**4/3 - m**2/2 - 23*m. Let o be h(-8). What is the units digit of (-2 - (0 - 86)) + o?
3
Suppose 2*a + 9 = 4*g + a, 2*g + 2*a = 2. Suppose g*j = -0*j - 0*j. What is the tens digit of 203 - j - (18 + -21)?
0
What is the units digit of (-6820)/372*(-39 - 0)?
5
Suppose 58 = 2*y - 260. What is the units digit of y/1 + 3 +